{"version":"1.0","provider_name":"Parnassius apollo project LIFE Apollo2020","provider_url":"https:\/\/parnassius-apollo.life\/pl","title":"Nowy dom dla Apollo w Karkonoszach","type":"rich","width":600,"height":338,"html":"<blockquote class=\"wp-embedded-content\" data-secret=\"G4pZ1RSlgB\"><a href=\"https:\/\/parnassius-apollo.life\/pl\/nowy-dom-dla-apollo-w-karkonoszach\">Nowy dom dla Apollo w Karkonoszach<\/a><\/blockquote><iframe sandbox=\"allow-scripts\" security=\"restricted\" src=\"https:\/\/parnassius-apollo.life\/pl\/nowy-dom-dla-apollo-w-karkonoszach\/embed#?secret=G4pZ1RSlgB\" width=\"600\" height=\"338\" title=\"&#8222;Nowy dom dla Apollo w Karkonoszach&#8221; &#8212; Parnassius apollo project LIFE Apollo2020\" data-secret=\"G4pZ1RSlgB\" frameborder=\"0\" marginwidth=\"0\" marginheight=\"0\" scrolling=\"no\" class=\"wp-embedded-content\"><\/iframe><script type=\"text\/javascript\">\n\/* <![CDATA[ *\/\n\/*! This file is auto-generated *\/\n!function(d,l){\"use strict\";l.querySelector&&d.addEventListener&&\"undefined\"!=typeof URL&&(d.wp=d.wp||{},d.wp.receiveEmbedMessage||(d.wp.receiveEmbedMessage=function(e){var t=e.data;if((t||t.secret||t.message||t.value)&&!\/[^a-zA-Z0-9]\/.test(t.secret)){for(var s,r,n,a=l.querySelectorAll('iframe[data-secret=\"'+t.secret+'\"]'),o=l.querySelectorAll('blockquote[data-secret=\"'+t.secret+'\"]'),c=new RegExp(\"^https?:$\",\"i\"),i=0;i<o.length;i++)o[i].style.display=\"none\";for(i=0;i<a.length;i++)s=a[i],e.source===s.contentWindow&&(s.removeAttribute(\"style\"),\"height\"===t.message?(1e3<(r=parseInt(t.value,10))?r=1e3:~~r<200&&(r=200),s.height=r):\"link\"===t.message&&(r=new URL(s.getAttribute(\"src\")),n=new URL(t.value),c.test(n.protocol))&&n.host===r.host&&l.activeElement===s&&(d.top.location.href=t.value))}},d.addEventListener(\"message\",d.wp.receiveEmbedMessage,!1),l.addEventListener(\"DOMContentLoaded\",function(){for(var e,t,s=l.querySelectorAll(\"iframe.wp-embedded-content\"),r=0;r<s.length;r++)(t=(e=s[r]).getAttribute(\"data-secret\"))||(t=Math.random().toString(36).substring(2,12),e.src+=\"#?secret=\"+t,e.setAttribute(\"data-secret\",t)),e.contentWindow.postMessage({message:\"ready\",secret:t},\"*\")},!1)))}(window,document);\n\/\/# sourceURL=https:\/\/parnassius-apollo.life\/wp-includes\/js\/wp-embed.min.js\n\/* ]]> *\/\n<\/script>\n","thumbnail_url":"https:\/\/parnassius-apollo.life\/wp-content\/uploads\/2024\/09\/IMG-20240802-WA0013-scaled-2.jpg","thumbnail_width":1600,"thumbnail_height":1200,"description":"W czerwcu Karkonosze na kr\u00f3tko sta\u0142y si\u0119 domem dla bardzo rzadkiego motyla Apollo. Motyl ten jest reliktem epoki lodowcowej, a jego naturalne \u015brodowisko sk\u0142ada si\u0119 z nas\u0142onecznionych g\u00f3rskich ska\u0142 z obfito\u015bci\u0105 kwitn\u0105cych ro\u015blin. Znikn\u0105\u0142 z czeskiej przyrody prawie sto lat temu z powodu utraty swojego naturalnego \u015brodowiska. Obecnie motyl apollo stoi w obliczu bezpo\u015bredniego zagro\u017cenia nawet w naszych s\u0105siednich krajach: w s\u0142owackich i polskich Karpatach lub austriackich Alpach. Spadek ich liczebno\u015bci jest r\u00f3wnie\u017c przyspieszany przez zmiany klimatyczne, poniewa\u017c jest dla nich po prostu za ciep\u0142o."}

W czerwcu Karkonosze na krótko stały się domem dla bardzo rzadkiego motyla Apollo. Motyl ten jest reliktem epoki lodowcowej, a jego naturalne środowisko składa się z nasłonecznionych górskich skał z obfitością kwitnących roślin. Zniknął z czeskiej przyrody prawie sto lat temu z powodu utraty swojego naturalnego środowiska. Obecnie motyl apollo stoi w obliczu bezpośredniego zagrożenia nawet w naszych sąsiednich krajach: w słowackich i polskich Karpatach lub austriackich Alpach. Spadek ich liczebności jest również przyspieszany przez zmiany klimatyczne, ponieważ jest dla nich po prostu za ciepło.
